 (base 2) in base 8?
76
2 (base 13) to base 3
2
5 (base 16) to base 2
101
What is 28 (base 12) in base 15?
22
113 (base 6) to base 3
1200
What is 1 (base 14) in base 12?
1
What is -10 (base 16) in base 9?
-17
Convert 6 (base 7) to base 8.
6
What is 1 (base 4) in base 14?
1
What is 16a (base 14) in base 3?
101202
Convert -132 (base 9) to base 8.
-156
What is -10 (base 9) in base 6?
-13
56 (base 10) to base 15
3b
What is 54 (base 14) in base 15?
4e
-22 (base 8) to base 10
-18
Convert -10 (base 5) to base 3.
-12
Convert 10 (base 8) to base 5.
13
Convert -14 (base 14) to base 8.
-22
-140 (base 8) to base 4
-1200
-1110 (base 2) to base 13
-11
What is 10 (base 2) in base 5?
2
-1b5 (base 12) to base 10
-281
What is -a (base 12) in base 9?
-11
What is 2a (base 13) in base 5?
121
Convert 202 (base 3) to base 14.
16
Convert -305 (base 7) to base 16.
-98
What is 50 (base 6) in base 12?
26
What is -68 (base 9) in base 6?
-142
What is 3 (base 13) in base 12?
3
3 (base 11) to base 10
3
2 (base 8) to base 4
2
What is 10100010 (base 2) in base 7?
321
What is 14b (base 14) in base 10?
263
Convert 0 (base 16) to base 9.
0
Convert 1001 (base 2) to base 12.
9
What is e (base 15) in base 7?
20
Convert 0 (base 12) to base 15.
0
500 (base 8) to base 13
1b8
Convert 14 (base 11) to base 14.
11
What is -24 (base 9) in base 10?
-22
Convert -4 (base 6) to base 2.
-100
What is -10 (base 8) in base 16?
-8
31 (base 4) to base 2
1101
11 (base 13) to base 10
14
What is 76 (base 12) in base 9?
110
What is 20 (base 6) in base 11?
11
2 (base 5) to base 9
2
Convert -1 (base 12) to base 2.
-1
-12 (base 6) to base 13
-8
Convert -22 (base 13) to base 8.
-34
What is 2 (base 16) in base 11?
2
Convert -1 (base 16) to base 2.
-1
What is 33 (base 5) in base 9?
20
Convert 202 (base 5) to base 12.
44
What is 11 (base 14) in base 10?
15
Convert 12 (base 12) to base 13.
11
-1 (base 7) to base 15
-1
What is -2 (base 13) in base 16?
-2
What is -2 (base 10) in base 6?
-2
20 (base 4) to base 6
12
What is -3 (base 15) in base 10?
-3
382 (base 9) to base 7
632
What is 29 (base 12) in base 10?
33
What is -23 (base 4) in base 6?
-15
What is -301 (base 5) in base 11?
-6a
What is 21 (base 3) in base 6?
11
Convert 226 (base 8) to base 12.
106
Convert -4 (base 14) to base 15.
-4
Convert 2 (base 5) to base 10.
2
38 (base 16) to base 9
62
-31 (base 4) to base 14
-d
Convert 1 (base 8) to base 16.
1
57 (base 9) to base 11
48
What is 37 (base 16) in base 8?
67
What is -4 (base 11) in base 12?
-4
105 (base 10) to base 13
81
What is 3c (base 15) in base 9?
63
What is -bc (base 15) in base 8?
-261
a (base 15) to base 12
a
-2 (base 13) to base 16
-2
What is 1 (base 11) in base 2?
1
What is 11000 (base 3) in base 7?
213
40 (base 10) to base 3
1111
2 (base 11) to base 15
2
What is 31 (base 7) in base 15?
17
Convert 155 (base 7) to base 16.
59
10 (base 13) to base 5
23
2 (base 14) to base 4
2
Convert a6 (base 14) to base 6.
402
0 (base 11) to base 13
0
-9 (base 11) to base 14
-9
Convert 21 (base 8) to base 11.
16
Convert 23 (base 11) to base 12.
21
What is 28 (base 15) in base 5?
123
What is 73 (base 11) in base 2?
1010000
11 (base 2) to base 4
3
-2a (base 13) to base 12
-30
What is -8 (base 10) in base 6?
-12
-29 (base 11) to base 6
-51
222 (base 10) to base 13
141
-3 (base 12) to base 8
-3
Convert -14 (base 11) to base 6.
-23
11 (base 5) to base 9
6
What is -29 (base 13) in base 16?
-23
Convert 26 (base 7) to base 14.
16
1100000 (base 2) to base 9
116
What is 65 (base 11) in base 2?
1000111
Convert 2 (base 12) to base 10.
2
30 (base 10) to base 9
33
Convert -1 (base 11) to base 2.
-1
Convert -2 (base 13) to base 10.
-2
5 (base 13) to base 4
11
What is 10010100 (base 2) in base 6?
404
What is -2120 (base 5) in base 14?
-165
-1 (base 6) to base 10
-1
What is -5 (base 9) in base 16?
-5
85 (base 16) to base 9
157
85 (base 14) to base 3
11100
6 (base 12) to base 16
6
2 (base 10) to base 8
2
Convert -1100 (base 2) to base 14.
-c
-1111 (base 2) to base 15
-10
Convert b (base 13) to base 2.
1011
What is 2 (base 14) in base 13?
2
What is -10 (base 4) in base 12?
-4
-1 (base 2) to base 16
-1
92 (base 13) to base 2
1110111
Convert -1 (base 2) to base 14.
-1
Convert -2 (base 4) to base 2.
-10
Convert -4 (base 11) to base 8.
-4
What is -4 (base 11) in base 2?
-100
11000001 (base 2) to base 5
1233
Convert -49 (base 16) to base 5.
-243
-150 (base 14) to base 15
-12b
3 (base 9) to base 4
3
Convert 10002 (base 3) to base 12.
6b
Convert -13 (base 16) to base 3.
-201
Convert 100 (base 2) to base 14.
4
What is -2 (base 14) in base 6?
-2
-11000100 (base 2) to base 5
-1241
What is 100110 (base 2) in base 13?
2c
What is -5 (base 10) in base 3?
-12
0 (base 7) to base 3
0
Convert -30 (base 13) to base 2.
-100111
51 (base 11) to base 12
48
-2 (base 13) to base 5
-2
What is -6 (base 15) in base 8?
-6
Convert -11 (base 7) to base 8.
-10
Convert -6 (base 14) to base 4.
-12
Convert 11 (base 4) to base 6.
5
What is -7 (base 10) in base 2?
-111
Convert 47 (base 16) to base 14.
51
What is 17 (base 8) in base 14?
11
What is -2d (base 15) in base 8?
-53
What is -5 (base 11) in base 10?
-5
Convert 5 (base 6) to base 2.
101
55 (base 12) to base 4
1001
What is 3 (base 10) in base 11?
3
Convert -9 (base 11) to base 7.
-12
1 (base 10) to base 9
1
132 (base 5) to base 4
222
57 (base 11) to base 14
46
-100110 (base 2) to base 6
-102
14 (base 8) to base 11
11
Convert -1 (base 4) to base 8.
-1
Convert 52 (base 7) to base 12.
31
-32 (base 4) to base 6
-22
-4 (base 12) to base 16
-4
What is 74 (base 9) in base 4?
1003
-6b (base 12) to base 8
-123
-45 (base 15) to base 4
-1001
2 (base 14) to base 8
2
Convert -64 (base 15) to base 7.
-163
-1a (base 12) to base 9
-24
What is 401 (base 5) in base 8?
145
What is 1 (base 2) in base 7?
1
What is c4 (base 15) in base 2?
10111000
11 (base 5) to base 4
12
-85 (base 16) to base 10
-133
1d (base 14) to base 12
23
What is -4 (base 6) in base 5?
-4
What is d (base 15) in base 3?
111
What is -19 (base 16) in base 4?
-121
Convert 452 (base 7) to base 4.
3221
What is -1001 (base 2) in base 16?
-9
156 (base 7) to base 12
76
Convert 9 (base 16) to base 8.
11
Convert 35 (base 10) to base 13.
29
145 (base 12) to base 5
1242
What is 111 (base 5) in base 10?
31
Convert -211 (base 5) to base 2.
-111000
Convert 2 (base 7) to base 2.
10
1 (base 9) to base 8
1
Convert -21 (base 11) to base 4.
-113
What is 90 (base 15) in base 16?
87
-3 (base 5) to base 16
-3
Convert -4 (base 11) to base 8.
-4
What is 2 (base 15) in base 11?
2
Convert -5d (base 15) to base 9.
-107
Convert 21 (base 3) to base 15.
7
Convert 4 (base 15) to base 11.
4
Convert 2100 (base 3) to base 6.
143
-1b (base 14) to base 7
-34
Convert 9 (base 14) to base 2.
1001
What is 44 (base 5) in base 15?
19
Convert -46 (base 15) to base 6.
-150
Convert 2 (base 9) to base 10.
2
What is -3 (base 9) in base 15?
-3
What is 2 (base 11) in base 6?
2
What is 1 (base 12) in base 14?
1
Convert -34 (base 16) to base 9.
-57
What is 2 (base 6) in base 12?
2
What is -10 (base 7) in base 15?
-7
What is 22 (base 6) in base 12?
12
What is -2032 (base 4) in base 5?
-1032
Convert -10 (base 3) to base 12.
-3
What is 55 (base 14) in base 10?
75
5 (base 9) to base 8
5
Convert -43 (base 15) to base 13.
-4b
-4 (base 5) to base 9
-4
What is 0 (base 14) in base 13?
0
-1304 (base 6) to base 7
-646
0 (base 12) to base 14
0
What is 0 (base 9) in base 7?
0
What is 1 (base 12) in base 2?
1
-101 (base 14) to base 6
-525
18 (base 14) to base 5
42
40 (base 13) to base 5
202
What is -3 (base 4) in base 15?
-3
-2b (base 14) to base 2
-100111
What is 10010011 (base 2) in base 12?
103
-43 (base 7) to base 9
-34
Convert -8 (base 14) to base 4.
-20
Convert -14 (base 12) to base 15.
-11
Convert 4 (base 6) to base 14.
4
What is -2 (base 6) in base 7?
-2
-b (base 14) to base 6
-15
10221 (base 4) to base 9
360
Convert -3 (base 10) to base 11.
-3
-24 (base 5) to base 12
-12
30 (base 5) to base 6
23
What is -2 (base 5) in base 7?
-2
Convert 0 (base 12) to base 10.
0
What is -11 (base 10) in base 9?
-12
What is -55 (base 6) in base 15?
-25
What is -11 (base 8) in base 11?
-9
What is -2 (base 3) in base 13?
-2
Convert 2 (base 13) to base 12.
2
What is 10 (base 2) in base 8?
2
11 (base 3) to base 15
4
54 (base 9) to base